 -1976 - -4?
-1972
In base 12, what is 3 + -7a89?
-7a86
In base 5, what is -4110120 + 14?
-4110101
In base 16, what is 2e2 - 11?
2d1
In base 7, what is 10326 + -1153?
6143
In base 4, what is -230 + 11323?
11033
In base 6, what is 22 - 2202?
-2140
In base 5, what is -321 + -121040?
-121411
In base 12, what is -7a7 - -4?
-7a3
In base 8, what is -4136044 + -4?
-4136050
In base 2, what is 1001101011001101 - 11?
1001101011001010
In base 4, what is 0 - -303302010?
303302010
In base 8, what is -100 - -204?
104
In base 16, what is c - 8c70?
-8c64
In base 5, what is -121210 - 20220?
-141430
In base 5, what is -1043042 - -2?
-1043040
In base 13, what is -3a + 1841?
1804
In base 16, what is 1616 + 10?
1626
In base 4, what is 1202112231 + 1?
1202112232
In base 14, what is 43 - -1027?
106a
In base 16, what is -42b + 472?
47
In base 6, what is -150213 + 114?
-150055
In base 9, what is 341 - 123?
217
In base 12, what is -13 - a009?
-a020
In base 9, what is -7302305 - 3?
-7302308
In base 7, what is -3 + -503330?
-503333
In base 13, what is a41a11 - 1?
a41a10
In base 16, what is -12d - -38?
-f5
In base 9, what is -14 - 661?
-675
In base 7, what is -56 - 1200?
-1256
In base 5, what is 2211020 + -2?
2211013
In base 10, what is 3 + 16111?
16114
In base 16, what is 0 - 9146?
-9146
In base 2, what is -10101111100100 - 1001010?
-10110000101110
In base 6, what is -1431 + 53141?
51310
In base 10, what is 1 - 431141?
-431140
In base 4, what is -20 - -2100213?
2100133
In base 4, what is -131022130 - 11?
-131022201
In base 5, what is -4 - -1003144?
1003140
In base 9, what is -3 + 112?
108
In base 2, what is 10000101 - 101101001001110?
-101100111001001
In base 10, what is 9 + 68486?
68495
In base 2, what is -10011100010011010011 + 0?
-10011100010011010011
In base 10, what is 76611 - 2?
76609
In base 4, what is -13321200 + 1?
-13321133
In base 10, what is 2096570 + 2?
2096572
In base 4, what is 3332 + -3?
3323
In base 16, what is 0 - -157e7?
157e7
In base 16, what is -f + 1d6?
1c7
In base 5, what is -1044 + -2111?
-3210
In base 11, what is 1517 + -66?
1461
In base 10, what is -1070505 + -4?
-1070509
In base 10, what is 18853 - -4?
18857
In base 7, what is 1 + 61415?
61416
In base 9, what is -8 - -2177?
2168
In base 12, what is 289 - -575?
842
In base 4, what is -22213 + -3003?
-31222
In base 5, what is 31300111 - 0?
31300111
In base 9, what is -4 + -76416?
-76421
In base 5, what is 40201 - -2?
40203
In base 9, what is -620568 + -4?
-620573
In base 7, what is -264 + -1164?
-1461
In base 3, what is 1022111002 + 10?
1022111012
In base 11, what is -217 + -1a75?
-2191
In base 2, what is 1000000000100 - -10011?
1000000010111
In base 8, what is 1 - -1630410?
1630411
In base 11, what is 134472 + -4?
134469
In base 9, what is -5 - 26806?
-26812
In base 5, what is -124114 + -20?
-124134
In base 5, what is 124144 - -104?
124303
In base 14, what is 4a9c9a - 1?
4a9c99
In base 2, what is 100001001101110010101 + 0?
100001001101110010101
In base 13, what is 0 - 207c5?
-207c5
In base 12, what is 98 + -857?
-77b
In base 12, what is -84a - -a?
-840
In base 2, what is 10 - 111111111100?
-111111111010
In base 14, what is -38d - -496?
107
In base 6, what is -3144513 + -30?
-3144543
In base 15, what is c3 + -c?
b6
In base 8, what is -1074217 + -5?
-1074224
In base 4, what is 2300010 - 12?
2233332
In base 16, what is -7 + 921f?
9218
In base 6, what is 253 - -150041?
150334
In base 15, what is 5e - be77?
-be18
In base 7, what is 102 - -164502?
164604
In base 11, what is -27 + -60072?
-60099
In base 2, what is 111101100111 - 1011101?
111100001010
In base 13, what is -29 - -1291?
1265
In base 15, what is -1300 + -5?
-1305
In base 12, what is -a65 + 415?
-650
In base 16, what is -2 + -7d194?
-7d196
In base 3, what is 2 + 10201101110?
10201101112
In base 4, what is -23323300 - -2?
-23323232
In base 12, what is 926 + -14a?
798
In base 6, what is -2 - 315535?
-315541
In base 7, what is -13550 - 262?
-14142
In base 6, what is -3 + -2445141?
-2445144
In base 9, what is -5 - -8801?
8785
In base 8, what is 4 - -42654?
42660
In base 14, what is 3 + -22cd?
-22ca
In base 11, what is -69 + 32?
-37
In base 8, what is 2057 - -523?
2602
In base 2, what is -101 - -1100100110101101?
1100100110101000
In base 2, what is 11100001001 + 1111?
11100011000
In base 3, what is 111221202 - 10102?
111211100
In base 4, what is -1 - -100201?
100200
In base 6, what is 2442 - -35?
2521
In base 4, what is 12003220 + -1013?
12002201
In base 10, what is 6 - 37970?
-37964
In base 11, what is 12154 + -11?
12143
In base 11, what is -68862 - -3?
-6885a
In base 12, what is -30a - -21?
-2a9
In base 6, what is -4335425 - 5?
-4335434
In base 4, what is 1021 + -3031201?
-3030120
In base 8, what is -6752110 + -1?
-6752111
In base 5, what is -10201 + -113?
-10314
In base 3, what is -11010 - -2102121?
2021111
In base 12, what is 566593 + 5?
566598
In base 8, what is 10 - 37334?
-37324
In base 16, what is 18cca + 2?
18ccc
In base 16, what is -5 - -1067e?
10679
In base 5, what is 4000 + 1?
4001
In base 2, what is -11 - 10011101000001110011?
-10011101000001110110
In base 7, what is 4 + -54436?
-54432
In base 6, what is 32340 + 10?
32350
In base 14, what is 80 + -497?
-417
In base 16, what is -3ca - 19?
-3e3
In base 7, what is 2662463 - -2?
2662465
In base 12, what is 3 - -5494?
5497
In base 4, what is 110230 - -21?
110311
In base 2, what is -11101101 + -10000111?
-101110100
In base 13, what is -4544 - 76?
-45ba
In base 15, what is 56 - 67d?
-627
In base 3, what is -11111110111 + -12?
-11111110200
In base 5, what is 11 - 10131444?
-10131433
In base 12, what is a4 + -177?
-93
In base 7, what is 61 - -1615?
2006
In base 12, what is 4597 - -55?
4630
In base 3, what is 120010202 - -122?
120011101
In base 3, what is -1020120 + 12001120?
10211000
In base 15, what is -1ce65 + 0?
-1ce65
In base 6, what is -10213 - -120?
-10053
In base 15, what is d50 + -3b8?
987
In base 3, what is -1 + -10212210?
-10212211
In base 9, what is 48 + 318?
367
In base 11, what is -58025 + -4?
-58029
In base 8, what is -1363653 + 0?
-1363653
In base 13, what is -3b76 - -14?
-3b62
In base 10, what is -984 + -22?
-1006
In base 16, what is 8c + 2a5?
331
In base 9, what is -2 - -21111?
21108
In base 15, what is 5 + -389d?
-3898
In base 11, what is 4 + -a05238?
-a05234
In base 15, what is 4217 + 12?
4229
In base 2, what is -1000 + -10110001001110?
-10110001010110
In base 2, what is -11101 + -100001001?
-100100110
In base 5, what is -142120301 + 2?
-142120244
In base 7, what is -15 - 12121?
-12136
In base 14, what is 5 + -1453d8?
-1453d3
In base 9, what is 0 - 14638?
-14638
In base 8, what is 24 + -1754?
-1730
In base 11, what is -11 - -1810a?
180a9
In base 5, what is 12 + 103240?
103302
In base 14, what is -2 - -27794?
27792
In base 3, what is 111110 + -122200?
-11020
In base 7, what is -63413 + -63?
-63506
In base 8, what is -4 - -67005?
67001
In base 16, what is 1eb65 + 32?
1eb97
In base 16, what is -5147a + 0?
-5147a
In base 9, what is -2351 - -80?
-2261
In base 3, what is 2121200 + -220201?
1200222
In base 10, what is 3 + -79240?
-79237
In base 4, what is 12311 + -303?
12002
In base 2, what is 110010000100 - 1010011?
110000110001
In base 5, what is 1110404004 - -3?
1110404012
In base 16, what is -21ae + 8?
-21a6
In base 2, what is -11100110001001011 - -11?
-11100110001001000
In base 4, what is -1123 + -13111?
-20300
In base 14, what is 8ca - 0?
8ca
In base 16, what is -4 + -36c9?
-36cd
In base 14, what is -26 + -21?
-47
In base 5, what is 11322 + 131?
12003
In base 5, what is -2 - -214142234?
214142232
In base 6, what is -1 - 2030111?
-2030112
In base 14, what is 27 + 57692?
576b9
In base 5, what is -10 - 210231323?
-210231333
In base 4, what is 1310 + -203?
1101
In base 8, what is 5 - -31617?
31624
In base 2, what is 111001111111101011 + 11?
111001111111101110
In base 5, what is 11 + -213341?
-213330
In base 15, what is -267 + c4e?
9d7
In base 8, what is -236547 + -35?
-236604
In base 16, what is a1 + 4213?
42b4
In base 9, what is 0 + 18045?
18045
In base 4, what is 2000123 - 0?
2000123
In base 2, what is -10011010 + 101001001100?
100110110010
In base 11, what is 8a22 + 43?
8a65
In base 12, what is 3 - 3837?
-3834
In base 12, what is 604 + -a7b?
-477
In base 7, what is -1024